s 90671677 a prime number?
True
Is 2877793 prime?
False
Is 658013 a prime number?
False
Is 23904471 a composite number?
True
Is 131394223 composite?
False
Is 118230127 composite?
False
Is 13146053 prime?
True
Is 22811167 prime?
True
Is 3446293 a composite number?
False
Is 5095139 a composite number?
True
Is 25832399 a prime number?
True
Is 1755868417 composite?
False
Is 4621073 a prime number?
True
Is 212119619 a composite number?
False
Is 718667 a prime number?
False
Is 34895139 prime?
False
Is 54342749 prime?
True
Is 203425126 a composite number?
True
Is 7699651 composite?
True
Is 32690681 prime?
True
Is 8882953 prime?
False
Is 127437071 a composite number?
True
Is 25108133 prime?
False
Is 51842251 composite?
False
Is 1303667 composite?
False
Is 520409 prime?
True
Is 10810853 composite?
False
Is 65278363 a composite number?
False
Is 628249 prime?
False
Is 506551 composite?
False
Is 7518587 a prime number?
True
Is 4983749 prime?
False
Is 451982843 a composite number?
True
Is 1581299 a composite number?
False
Is 35811101 a prime number?
False
Is 206832317 a prime number?
True
Is 15499591 a composite number?
False
Is 944297 a prime number?
True
Is 55669403 a composite number?
True
Is 13002971 a prime number?
True
Is 58616093 composite?
False
Is 178613501 composite?
True
Is 4424611 a composite number?
True
Is 43461101 a prime number?
False
Is 187472227 a composite number?
False
Is 204661 composite?
True
Is 6080131 a composite number?
False
Is 28813333 a composite number?
False
Is 33304099 prime?
False
Is 193042195 a prime number?
False
Is 3923737 composite?
False
Is 7927937 a prime number?
True
Is 4336309 prime?
False
Is 10248113 prime?
True
Is 426013 a prime number?
False
Is 110521 prime?
False
Is 306227 a prime number?
False
Is 61069179 a prime number?
False
Is 81277081 prime?
True
Is 25041019 composite?
True
Is 1721563 a prime number?
False
Is 92280203 prime?
False
Is 83522501 a composite number?
False
Is 45268315 prime?
False
Is 14628386 a composite number?
True
Is 892897 prime?
False
Is 831287 a composite number?
False
Is 163935259 a composite number?
False
Is 19389691 prime?
True
Is 648841 a composite number?
False
Is 5958839 a prime number?
True
Is 2133251 a composite number?
False
Is 5451587 a prime number?
True
Is 19709029 composite?
False
Is 8442239 a composite number?
True
Is 3469421 prime?
True
Is 27441437 a composite number?
False
Is 64451 a prime number?
True
Is 7055585 a composite number?
True
Is 574141 a prime number?
False
Is 1290971011 a prime number?
False
Is 2200967 a composite number?
False
Is 232158867 a prime number?
False
Is 51804871 composite?
False
Is 338993 composite?
False
Is 14108977 composite?
True
Is 15104003 prime?
False
Is 1352839 a prime number?
True
Is 1798869 prime?
False
Is 20484427 composite?
True
Is 30704963 prime?
True
Is 18768163 a prime number?
True
Is 4335731 a composite number?
True
Is 19016807 a composite number?
False
Is 77282827 a prime number?
False
Is 355577 prime?
False
Is 60431669 prime?
True
Is 236849 composite?
True
Is 40313539 prime?
False
Is 119635043 composite?
True
Is 64298881 prime?
False
Is 3378373 composite?
False
Is 196453 a composite number?
False
Is 3950563 prime?
True
Is 85658191 prime?
True
Is 28739507 a prime number?
True
Is 161637941 a prime number?
False
Is 507249929 a composite number?
False
Is 439559 prime?
True
Is 7338709 prime?
False
Is 11921285 a prime number?
False
Is 131542271 a composite number?
True
Is 11664479 a composite number?
False
Is 204062041 a composite number?
True
Is 163778711 prime?
False
Is 997819 a composite number?
True
Is 5970533 prime?
True
Is 9788809 prime?
True
Is 1491299 composite?
False
Is 17370901 a prime number?
True
Is 996431 a prime number?
True
Is 238865785 a prime number?
False
Is 46247251 prime?
False
Is 21728789 a prime number?
True
Is 165797007 a prime number?
False
Is 106803479 a prime number?
True
Is 446387 a prime number?
True
Is 13257793 prime?
True
Is 2024357 prime?
True
Is 2830433 composite?
False
Is 28304993 composite?
False
Is 4026301 prime?
True
Is 2239921 a prime number?
False
Is 549191 prime?
False
Is 27140311 a prime number?
False
Is 5682809 prime?
False
Is 230473 a prime number?
False
Is 43830365 a prime number?
False
Is 5888501 prime?
True
Is 3889727 prime?
True
Is 179012341 prime?
False
Is 64315619 composite?
True
Is 171083137 a composite number?
False
Is 150551647 a composite number?
False
Is 95467441 a prime number?
False
Is 2443531 a composite number?
False
Is 202289251 prime?
False
Is 7004161 a composite number?
True
Is 16861877 composite?
False
Is 630271 a composite number?
True
Is 25362187 prime?
False
Is 7586581 composite?
False
Is 16909453 composite?
True
Is 1605629 a prime number?
True
Is 7595369 a prime number?
True
Is 292433 composite?
True
Is 74977039 a prime number?
False
Is 1833571 a composite number?
False
Is 21168305 composite?
True
Is 1149042151 a prime number?
True
Is 9391979 prime?
True
Is 39468617 a composite number?
False
Is 4011859 a composite number?
False
Is 75911269 composite?
True
Is 2684887 prime?
False
Is 26094091 a prime number?
True
Is 1257119 a composite number?
False
Is 265547251 a composite number?
False
Is 2885977 prime?
True
Is 4350061 a prime number?
False
Is 3102081 composite?
True
Is 27716743 a prime number?
True
Is 12385103 a prime number?
False
Is 53556431 prime?
True
Is 3335947 composite?
False
Is 126238157 a prime number?
True
Is 527983907 a composite number?
True
Is 4009945 prime?
False
Is 65868863 prime?
False
Is 217291561 a composite number?
True
Is 35776453 a prime number?
False
Is 738893 a composite number?
True
Is 23437561 a composite number?
True
Is 17377 composite?
False
Is 199874551 composite?
False
Is 972551 prime?
False
Is 190373 a composite number?
True
Is 172513 a prime number?
False
Is 330045227 a prime number?
True
Is 368238823 composite?
True
Is 3550609 a prime number?
True
Is 15543433 prime?
False
Is 17759009 composite?
False
Is 993451 a composite number?
False
Is 254899063 a composite number?
True
Is 133113127 a prime number?
False
Is 3220787 prime?
False
Is 108970077 a prime number?
False
Is 2066249 a composite number?
False
Is 314506 a composite number?
True
Is 7600301 a prime number?
False
Is 92282507 a prime number?
False
Is 694899003 a composite number?
True
Is 81507467 prime?
False
Is 185447273 a prime number?
False
Is 12035869 a prime number?
True
Is 38716859 prime?
True
Is 7493029 a composite number?
False
Is 5918197 a prime number?
False
Is 14390069 composite?
True
Is 6761981 a prime number?
True
Is 626371 a prime number?
False
Is 178939 composite?
False
Is 341489431 a prime number?
True
Is 5361269 composite?
False
Is 73049 composite?
True
Is 1055161 a composite number?
True
Is 87870443 composite?
True
Is 4905583 prime?
False
Is 35323681 prime?
False
Is 60668611 a prime number?
True
Is 5542597 prime?
True
Is 8744117 prime?
False
Is 15414409 prime?
False
Is 7359343 a prime number?
True
Is 58042087 prime?
False
Is 6410939 composite?
False
Is 5457577 a prime number?
True
Is 40219757 composite?
True
Is 250328423 prime?
True
Is 6255377 a composite number?
False
Is 7989481 prime?
False
Is 29645323 prime?
False
Is 9769961 prime?
False
Is 1644341 composite?
False
Is 10668197 a composite number?
True
Is 183378953 a composite number?
False
Is 92312107 composite?
True
Is 1443523 prime?
True
Is 369539903 a composite number?
True
Is 31249558 prime?
False
Is 1510851085 prime?
False
Is 408509 a composite number?
True
Is 207910049 a prime number?
False
Is 750229013 a composite number?
False
Is 4372981 prime?
True
Is 18973027 composite?
True
Is 826031 a composite number?
True
Is 38874331 a prime number?
False
Is 234848869 composite?
True
Is 26240941 composite?
True
Is 1929227 composite?
False
Is 2587271 a prime number?
True
Is 174917 a composite number?
False
Is 115458359 a composite number?
True
Is 10840019 composite?
True
Is 109422213 a prime number?
False
Is 20847053 composite?
False
Is 1798579 composite?
True
Is 446954359 prime?
True
Is 21478811 a composite number?
True
Is 1263268651 prime?
True
Is 5503489 composite?
True
Is 166518221 a composite number?
False
Is 5101879 composite?
False
Is 15549659 a prime number?
True
Is 405355 prime?
False
Is 477853 a composite nu